680?
True
Is 3861 a factor of 50034699?
True
Does 295 divide 20658983?
False
Is 11305574 a multiple of 98?
True
Is 248868579 a multiple of 23?
True
Is 66 a factor of 710456191?
False
Does 2066 divide 726960966?
False
Does 77 divide 66519144?
False
Is 1045189866 a multiple of 56?
False
Is 319890488 a multiple of 6?
False
Does 5513 divide 840530431?
False
Is 79 a factor of 64260580?
False
Is 226118224 a multiple of 1052?
False
Does 505 divide 57927035?
True
Is 597527766 a multiple of 3387?
True
Is 14522027 a multiple of 484?
False
Does 423 divide 27187657?
False
Is 104 a factor of 39451539?
False
Is 3 a factor of 334738988?
False
Is 502193397 a multiple of 31?
True
Is 191958416 a multiple of 31?
False
Is 5 a factor of 91453307?
False
Is 765934915 a multiple of 689?
False
Does 818 divide 2919946?
False
Is 86 a factor of 4157068?
True
Is 27402539 a multiple of 86?
False
Is 12 a factor of 2463618876?
True
Is 87 a factor of 59137823?
False
Is 426 a factor of 17759417?
False
Is 630082244 a multiple of 647?
True
Is 5 a factor of 8422495?
True
Does 359 divide 43822412?
True
Is 11 a factor of 121142554?
False
Is 7142 a factor of 2570412942?
True
Is 28156747 a multiple of 131?
True
Does 2003 divide 550372322?
True
Is 14 a factor of 552347600?
True
Is 760760863 a multiple of 2329?
True
Is 187 a factor of 1067560675?
False
Does 117 divide 8420841?
True
Is 7301588 a multiple of 28?
True
Is 75 a factor of 738654211?
False
Is 667 a factor of 4978183583?
False
Does 68 divide 38859993?
False
Does 240 divide 6489247641?
False
Does 932 divide 48182646?
False
Does 10 divide 477910160?
True
Is 125147244 a multiple of 2169?
False
Is 2 a factor of 5151381?
False
Is 59 a factor of 19481564?
True
Is 16272 a factor of 4879326897?
False
Does 257 divide 22815073?
False
Is 139773507 a multiple of 51?
True
Does 13 divide 15757391?
True
Is 1238 a factor of 27697774?
True
Does 550 divide 52707050?
True
Is 178 a factor of 181313?
False
Does 652 divide 63294204?
True
Is 35922696 a multiple of 544?
False
Does 4 divide 21225333?
False
Is 2676 a factor of 53189053?
False
Does 517 divide 28802048?
False
Is 19538549 a multiple of 3?
False
Does 135 divide 12492074?
False
Is 1018 a factor of 51654026?
False
Is 16 a factor of 3029050874?
False
Is 60818638 a multiple of 246?
False
Is 2290305326 a multiple of 4?
False
Is 1121 a factor of 1729076087?
False
Is 4 a factor of 88770304?
True
Is 133 a factor of 16922607?
False
Is 18485750 a multiple of 349?
False
Does 1463 divide 184077586?
True
Is 13 a factor of 1178719568?
True
Does 613 divide 20322176?
True
Does 186 divide 475293240?
True
Does 385 divide 5830825?
True
Is 1456 a factor of 24463479?
False
Is 53 a factor of 17988147?
True
Is 88534680 a multiple of 206?
True
Does 291 divide 871322094?
True
Is 7 a factor of 31095890?
True
Is 3307549339 a multiple of 23?
True
Is 173 a factor of 235325326?
True
Does 841 divide 68913323?
False
Is 36474538 a multiple of 8254?
False
Is 5450070 even?
True
Is 119258892 a multiple of 162?
True
Is 26283940 a multiple of 20?
True
Does 14 divide 136811610?
False
Does 12 divide 953550060?
True
Does 381 divide 58790986?
False
Is 214 a factor of 1436991328?
False
Is 198 a factor of 43576373?
False
Is 13144960 a multiple of 800?
False
Is 1007700925 a multiple of 4165?
True
Is 53 a factor of 124164522?
False
Does 23 divide 5963623?
False
Does 8 divide 49951419?
False
Does 28 divide 7889952?
True
Is 2157 a factor of 337048575?
False
Is 14670556 a multiple of 382?
False
Does 416 divide 2784077817?
False
Is 176 a factor of 183452005?
False
Is 103420079 a multiple of 101?
False
Is 258 a factor of 432200676?
False
Is 676948076 a multiple of 28?
True
Is 163680641 a multiple of 3?
False
Does 3254 divide 1330296490?
False
Does 248 divide 24370960?
True
Is 36594937 a multiple of 44?
False
Is 136329039 a multiple of 60?
False
Is 2106636 a multiple of 124?
True
Does 13 divide 2996350?
False
Does 29 divide 421782003?
True
Is 99 a factor of 232752168?
True
Is 105580831 a multiple of 193?
False
Does 1201 divide 1782135216?
False
Does 107 divide 793819090?
True
Is 2639 a factor of 2581622862?
True
Is 292636414 a multiple of 9?
False
Does 2791 divide 902386120?
True
Is 337540944 a multiple of 3328?
False
Is 9 a factor of 11467969?
False
Does 3005 divide 191541705?
True
Is 5983 a factor of 1820347603?
False
Is 23 a factor of 179220609?
False
Does 24 divide 2975585717?
False
Is 862 a factor of 849117795?
False
Does 10 divide 27367810?
True
Is 12427487 a multiple of 13?
False
Is 3 a factor of 2716964?
False
Is 46 a factor of 15153745?
False
Does 580 divide 119549600?
True
Is 422 a factor of 20086778?
True
Is 7993 a factor of 503379850?
False
Is 123919765 a multiple of 188?
False
Is 1023 a factor of 1660449714?
True
Does 5111 divide 393541889?
True
Is 180604320 a multiple of 8?
True
Is 827 a factor of 14255826?
True
Is 1166856424 a multiple of 2750?
False
Does 126 divide 267254568?
True
Is 61768112 a multiple of 976?
True
Does 222 divide 256037040?
True
Is 47 a factor of 179181077?
False
Is 9 a factor of 121819437?
True
Is 1348 a factor of 182184609?
False
Is 77486670 a multiple of 310?
True
Is 4000426 a multiple of 15?
False
Does 2466 divide 69945008?
False
Is 35 a factor of 220593786?
False
Does 12 divide 21891511?
False
Does 42 divide 68410918?
False
Is 9837371 a multiple of 13?
False
Is 31 a factor of 25438288?
False
Does 981 divide 43547222?
False
Does 875 divide 49897750?
True
Is 92085578 a multiple of 1565?
False
Is 544 a factor of 8238484?
False
Does 240 divide 53670568?
False
Does 12 divide 136002288?
True
Is 20063638 a multiple of 49?
True
Is 119 a factor of 52526483?
False
Does 600 divide 207064818?
False
Is 58 a factor of 81734238?
True
Is 149845467 a multiple of 25?
False
Is 7 a factor of 10486315?
True
Does 6 divide 59357900?
False
Does 22 divide 10792996?
False
Is 774687565 a multiple of 3257?
False
Does 396 divide 119501712?
True
Is 132044 a multiple of 23?
False
Does 3134 divide 80393459?
False
Is 533 a factor of 973819964?
False
Is 10 a factor of 69930?
True
Does 111 divide 529811880?
True
Is 550901241 a multiple of 106?
False
Is 143 a factor of 89678883?
False
Is 2411099569 a multiple of 229?
False
Is 1220 a factor of 781064740?
True
Is 367976070 a multiple of 990?
True
Does 3277 divide 61148820?
True
Is 126505672 a multiple of 1481?
False
Does 40 divide 285989760?
True
Does 79 divide 138512829?
False
Does 170 divide 110883429?
False
Is 13 a factor of 3804918?
True
Does 6 divide 46518657?
False
Does 93 divide 29641196?
False
Does 24 divide 1498956651?
False
Does 781 divide 541832469?
False
Does 8 divide 350657608?
True
Is 13354110 a multiple of 30?
True
Is 326712 even?
True
Is 179 a factor of 64921249?
False
Is 293235987 a multiple of 33?
True
Is 21098358 a multiple of 18?
True
Is 3294032781 a multiple of 32?
False
Does 13 divide 107246231?
False
Is 50 a factor of 805476900?
True
Does 212 divide 272680124?
True
Is 1146665986 a multiple of 11742?
False
Is 195564370 a multiple of 4555?
True
Is 38317728 a multiple of 443?
True
Is 133854709 a multiple of 114?
False
Is 28924973 a multiple of 6?
False
Is 147086717 a multiple of 809?
True
Is 4820198 a multiple of 4?
False
Is 223 a factor of 419140712?
False
Is 150 a factor of 3315574?
False
Does 148 divide 844600038?
False
Does 462 divide 75413646?
True
Is 9 a factor of 1641370374?
True
Does 2685 divide 7250300130?
True
Is 27887319 a multiple of 1671?
True
Is 3566792084 a multiple of 193?
True
Does 33 divide 157059166?
False
Is 1309564780 a multiple of 1301?
False
Is 418 a factor of 956141560?
True
Does 919 divide 3214532?
False
Is 3 a factor of 62439691?
False
Does 67 divide 20636290?
False
Is 18815265 a multiple of 7?
True
Is 97069887 a multiple of 9?
True
Is 11563465 a multiple of 5?
True
Does 50 divide 44115250?
True
Is 2898 a factor of 11536938?
True
Is 25 a factor of 11009565?
False
Is 23091162 a multiple of 33?
False
Is 55 a factor of 578564305?
True
Is 36408141 even?
False
Does 72 divide 3336366?
False
Is 39 a factor of 276308662?
False
Is 26 a factor of 1731751034?
True
Does 138 divide 36537156?
True
Is 10213518 a multiple of 138?
True
Is 4865 a factor of 67657662?
False
Does 9 divide 62805994?
False
Is 6277 a factor of 1441381233?
True
Is 23317506 a mult